-14)*105/(-30). What is the greatest common divisor of a and 54?
18
Suppose 0 = -5*y - 3*d - 7 + 124, -2*d = y - 22. Let v be (-9)/(54/16)*-3. Calculate the greatest common factor of v and y.
8
Let s be (-8)/12 + (-4012)/3. Let l be s/(-12) - (-9)/(-6). What is the greatest common factor of 22 and l?
22
Suppose -5*t + f = -3 - 754, 2*t + 4*f = 316. Let l be (-10)/(3*10/(-285)). Suppose 0 = -3*k - 2*k + l. Calculate the greatest common factor of k and t.
19
Let s = -671 - -1220. What is the greatest common factor of 61 and s?
61
Suppose -2*g = -5 - 11. Let y(m) = 0*m**2 + 7*m + 85 - 76 - m**2. Let d be y(g). Calculate the highest common divisor of d and 11.
1
Suppose -10*n - 1216 = -26*n. Calculate the highest common factor of n and 228.
76
Suppose 10 = 5*p - 15. Suppose p*k - 162 = 33. Suppose 0 = 2*f - k - 21. Calculate the highest common divisor of f and 45.
15
Let k be -5 + -6 + 23 - 6. What is the highest common divisor of k and 4?
2
Let u = 2984 - 2940. Let b be 53/5 - 4/(-10). What is the highest common divisor of u and b?
11
Suppose 31 = 2*v + 3*k - 2*k, -3*k = 3*v - 42. Let s = 18 - v. Let a(y) = 4*y**2 - 3*y + 1. Let x be a(s). What is the highest common divisor of 3 and x?
1
Suppose 77*k = 48*k + 58. Suppose 75 = 2*g - 3*l, 141 = 3*g + 5*l - 0*l. Let s = -26 + g. Calculate the highest common divisor of k and s.
2
Let i(d) = -9*d + 2. Let c be i(-8). Suppose -5*v + 46 = -c. What is the highest common divisor of v and 6?
6
Let i = 481 - 127. Let a = i - 213. What is the highest common factor of 94 and a?
47
Let i(w) = -3*w**3 - 12*w**2 + 4*w + 6. Let b be i(-6). Suppose 0 = -19*c + 17*c + b. What is the highest common divisor of c and 11?
11
Let j be 0 + -1 + (1 - -3). Suppose -117 = -j*g - u + 2*u, -5*g = -3*u - 191. Calculate the highest common divisor of g and 5.
5
Suppose y - z = -0*z - 25, 2*y - 4*z + 46 = 0. Let l(i) = i**3 + 28*i**2 + 24*i + 40. Let u be l(y). What is the highest common divisor of u and 11?
11
Let s = 35 + -29. Suppose -4*z + 7 = -9. Calculate the greatest common factor of z and s.
2
Let h(g) = g**2 - 6*g - 4. Let b be h(7). Suppose 3*w - 4*w + b = 0. Suppose 2*c = -w*c + 225. What is the greatest common factor of c and 15?
15
Let i = -3 - -15. Suppose -13*d + 24 + 2 = 0. Suppose 0 = l + d*l - 5*a - 283, -4*a = 5*l - 484. Calculate the greatest common divisor of l and i.
12
Let z(f) = -f**2 - 3*f + 4. Let r be z(-4). Suppose r = -b + 4*b - 27. Calculate the highest common factor of 63 and b.
9
Suppose 3*l = l - 14. Let n = l + 12. Calculate the highest common factor of 45 and n.
5
Let a be -137*(-76)/247 + (-4)/26. What is the greatest common factor of 238 and a?
14
Suppose -76*x + 144 = -73*x. What is the greatest common divisor of 144 and x?
48
Let w(g) = g**2 - 26*g + 213. Let l be w(24). What is the greatest common factor of l and 264?
33
Suppose -12*p + n = -15*p + 809, -4*n - 4 = 0. Calculate the highest common divisor of p and 18.
18
Let g(r) = r**2 - r + 42. Let t be g(0). Suppose 2*c - 12 = -0*c. Calculate the highest common factor of t and c.
6
Suppose 0 = -0*q + q - 5*h - 93, 5*h - 10 = 0. Let v = 106 - q. Calculate the greatest common divisor of 45 and v.
3
Let b = 10 - 10. Suppose -y = -f - 12, 4*y = -b*y - f + 28. Let u = y - 0. Calculate the highest common factor of 20 and u.
4
Suppose b + 0 = -4, 5*b = -d - 15. Suppose -4 = -y + v - 0*v, d*y - 2*v - 17 = 0. Calculate the highest common divisor of y and 27.
3
Let b(g) = 3*g**2 - 2*g - 86. Let d be b(28). Calculate the greatest common factor of 20 and d.
10
Let p(n) = -n**3 - 33*n**2 + 34*n + 51. Let y be p(-34). Calculate the highest common factor of y and 3.
3
Let g(s) = 6*s - 2*s**2 - s**2 + 2*s**2. Let a be g(6). Suppose -9*u + 2*u + 49 = a. Calculate the highest common factor of 35 and u.
7
Let w(j) = j + 1. Let r be w(1). Let g = -18 - -39. Suppose 3*n = -0*h + 2*h - 15, -4*h + 3*n = -g. What is the highest common divisor of h and r?
1
Let f be ((-3)/(-2))/(45/(-135))*-58. What is the highest common factor of 58 and f?
29
Suppose -3*h = -6, 16 = 2*o + 3*o + 3*h. Suppose -5*s - v + o*v = -90, -5*v + 18 = s. Calculate the highest common factor of s and 2.
2
Let v(k) = -k - 5. Let c(d) = -1. Let i(m) = -3*c(m) + v(m). Let p be i(2). Let o be (200/15)/(p/(-18)). Calculate the greatest common divisor of 12 and o.
12
Let l = -857 - -869. What is the highest common factor of 468 and l?
12
Let g = -37 - -58. Calculate the greatest common factor of g and 147.
21
Let v(q) = -2*q + 48. Suppose -5*r - 13 - 12 = 2*s, 4*s = 5*r + 25. Let t be v(s). What is the greatest common factor of t and 240?
48
Let z = -50 - -58. Let q(m) = m**3 - 6*m - 2*m**2 - 5*m**3 + 2 + 2*m**3 + 5*m. Let c be q(-2). What is the greatest common factor of c and z?
4
Let f = -36 + 73. Let u = f + -24. Calculate the highest common divisor of 52 and u.
13
Let k = -40 - -24. Let n = k - -48. What is the highest common divisor of n and 16?
16
Let l(f) = -37*f - 181. Let r be l(-5). Let u be 40/(-6)*(2 - 5). What is the greatest common factor of u and r?
4
Let h be 60/45*90/2. Suppose 13*v - 17*v = -640. Suppose o = 5*o - v. What is the greatest common factor of h and o?
20
Let h = 55 + -24. Let l = -22 + h. Let s(g) = -g**3 + 4*g**2 + 6*g - 2. Let o be s(5). Calculate the greatest common divisor of l and o.
3
Let s be 496 + (4 - 0/4). Let f be 6/27 - s/(-18). What is the greatest common divisor of 7 and f?
7
Suppose -4*r + 87 = -65. Let h = r + -23. Calculate the highest common factor of h and 15.
15
Let v be (-175)/2*(10 + (-228)/19). Calculate the greatest common divisor of v and 15.
5
Let h be -3 + 23/((-115)/(-600)). What is the greatest common divisor of 13 and h?
13
Suppose 5*i = -b - 8, -3*i - 2*i = 2*b + 6. Suppose 5*k - b = 4*k. Suppose v - 3*p + 126 = k*v, -3*p = -6. What is the highest common divisor of v and 15?
15
Let i = 56 - -49. Calculate the greatest common factor of i and 21.
21
Let b(c) = c**2 - c**3 + 0*c**2 - 2*c - 4*c**2 - 12. Let w be b(-5). What is the greatest common divisor of w and 6?
6
Let i = 24 + 21. Let l = 110 + -95. Calculate the greatest common factor of i and l.
15
Let r(u) = 7*u**2 - u - 2. Let y be r(-1). Let l(z) = -z**2 + 13*z - 31. Let b be l(y). Calculate the greatest common divisor of b and 99.
11
Let w = -30 + 150. Let t be (3/(-6))/((-3)/w). What is the greatest common divisor of t and 2?
2
Suppose 1395 = -140*j + 8156 + 239. Let s = -155 - -280. Calculate the highest common divisor of s and j.
25
Suppose -5*l + 4*j = -2575, -4*j = 7*l - 4*l - 1513. What is the greatest common divisor of 146 and l?
73
Let x(l) = -10*l + 104. Let c be x(8). What is the highest common divisor of 276 and c?
12
Suppose -9*g = -168 - 192. What is the greatest common divisor of g and 30?
10
Let p(w) = 278*w - 33. Let o be p(1). Calculate the highest common factor of o and 35.
35
Suppose -2*a - 661 = -703. Let k be 332/5 - (-4)/(-10). Suppose k = h + 3. What is the greatest common factor of h and a?
21
Suppose -5*g = -4*x - 28, 4*g - 38 = -0*g - 2*x. Let v be ((-1)/3)/(3 + (-545)/180). Suppose 0 = -v*m + 9*m + 120. What is the highest common factor of g and m?
8
Let h(z) = 6*z**2 - 39*z - 45. Let g be h(11). What is the greatest common factor of 21 and g?
21
Let j = -20 - -23. Let d be j + -1 + (-3 - -3). Suppose 0*l - 96 = -6*l. What is the greatest common divisor of d and l?
2
Suppose 3*q = -5*x + 46, 0*x = x + 1. What is the highest common factor of 901 and q?
17
Suppose 325*o = 313*o + 3192. What is the greatest common divisor of 42 and o?
14
Suppose 4*h + 3*q = -15, 5*h + 8*q - 3*q = -25. Suppose -o + 5*o - 128 = h. What is the highest common factor of 8 and o?
8
Let u(k) = -21*k + 4 - 47*k + 8*k. Let s be u(-3). Let t(c) = -5*c - 67. Let r be t(-18). Calculate the greatest common divisor of r and s.
23
Let v = 2720 - 2376. Calculate the highest common divisor of v and 64.
8
Let t = 12 - 7. Let c = 8 - t. What is the greatest common divisor of c and 3?
3
Let n = -287 + 305. Let l be 2/((-8)/2)*-36. Suppose 3*c = 2*z - l, -4*z + 12 = c - 10. What is the highest common divisor of z and n?
6
Let a(l) = -3*l - 7. Let x be a(-9). Let y = -43 + 48. Suppose -p + 151 = y*q, -q + 2*p - 3*p + 31 = 0. What is the greatest common divisor of q and x?
10
Suppose 6*y = 7*